ime?
True
Is 367520899 composite?
False
Is 2524117 composite?
False
Is 107784205 prime?
False
Is 2114771 a prime number?
True
Is 163577 composite?
True
Is 61910393 a composite number?
False
Is 309763 composite?
True
Is 31934513 composite?
True
Is 18740063 a prime number?
True
Is 42319261 composite?
False
Is 67187189 a composite number?
False
Is 52633541 a composite number?
False
Is 2371261 a prime number?
True
Is 39134009 a prime number?
True
Is 1691797 prime?
False
Is 11534473 a composite number?
False
Is 9412049 prime?
False
Is 1421909 prime?
True
Is 7914821 prime?
False
Is 16378349 prime?
False
Is 1869607 composite?
True
Is 25965635 prime?
False
Is 926894 prime?
False
Is 22894909 prime?
True
Is 14996951 composite?
True
Is 5680219 a composite number?
True
Is 36364219 composite?
True
Is 3806921 prime?
False
Is 74783167 composite?
False
Is 100921003 a composite number?
True
Is 154165955 a prime number?
False
Is 6491143 prime?
False
Is 3145999 a composite number?
True
Is 87529907 a prime number?
True
Is 9403139 composite?
False
Is 28560353 composite?
False
Is 33561943 prime?
True
Is 498241 a composite number?
True
Is 3214247 prime?
True
Is 7116805 a prime number?
False
Is 28142071 prime?
True
Is 11215907 a composite number?
False
Is 35281253 a prime number?
False
Is 20481491 a composite number?
False
Is 7772173 prime?
True
Is 32897489 a prime number?
True
Is 89597389 prime?
False
Is 3722497 composite?
True
Is 203213603 prime?
True
Is 8587013 prime?
False
Is 93834379 prime?
False
Is 117128783 composite?
False
Is 259343439 composite?
True
Is 49163119 a prime number?
False
Is 50520983 a composite number?
True
Is 3799459 a prime number?
False
Is 1261523 composite?
False
Is 40510333 a prime number?
False
Is 518405 a composite number?
True
Is 529044101 composite?
False
Is 46381 composite?
False
Is 8752321 a composite number?
False
Is 7581317 a composite number?
False
Is 157393 prime?
True
Is 29299709 a composite number?
False
Is 8918821 a composite number?
False
Is 176109887 a prime number?
False
Is 15872141 a prime number?
False
Is 53311619 a composite number?
True
Is 6608497 composite?
True
Is 1118436199 prime?
True
Is 122413261 a prime number?
True
Is 5294261 prime?
False
Is 9730529 a prime number?
True
Is 75626119 prime?
True
Is 28914373 a composite number?
True
Is 34411171 a composite number?
False
Is 990217 a prime number?
False
Is 3065221 a composite number?
False
Is 3227507 prime?
True
Is 16931821 prime?
True
Is 3400531 a composite number?
False
Is 19245307 composite?
True
Is 33871261 prime?
True
Is 25700299 a composite number?
False
Is 476713 a composite number?
False
Is 32926849 prime?
False
Is 1010657885 prime?
False
Is 109003127 a prime number?
False
Is 57004081 a composite number?
False
Is 8379989 composite?
True
Is 3875989 composite?
True
Is 465705985 prime?
False
Is 14922013 a prime number?
True
Is 5149834 a prime number?
False
Is 38953471 prime?
False
Is 11419693 a composite number?
False
Is 2399847 a prime number?
False
Is 1635066463 a composite number?
False
Is 1437187 a composite number?
False
Is 1618927279 a prime number?
True
Is 13460191 a prime number?
True
Is 246442685 a prime number?
False
Is 26904881 composite?
True
Is 40417493 a prime number?
True
Is 72742039 prime?
False
Is 865561157 prime?
True
Is 15126563 a composite number?
True
Is 2636143 composite?
False
Is 506891317 a prime number?
True
Is 1528577 prime?
True
Is 1248467 a prime number?
False
Is 219278 prime?
False
Is 20149013 a prime number?
True
Is 432747151 a composite number?
False
Is 14717397 a prime number?
False
Is 20813069 a composite number?
True
Is 703009 a prime number?
False
Is 23069237 a composite number?
False
Is 2851643 prime?
True
Is 61319759 prime?
True
Is 88973899 prime?
False
Is 1150291 prime?
False
Is 9883541 composite?
False
Is 88696527 a prime number?
False
Is 6748433 a composite number?
False
Is 3435319 prime?
False
Is 2163155 a composite number?
True
Is 13848223 composite?
False
Is 11406623 prime?
True
Is 5129731 a prime number?
True
Is 122793019 composite?
False
Is 6744347 a composite number?
False
Is 2392421 composite?
False
Is 8794633 a prime number?
False
Is 282494739 a composite number?
True
Is 338548051 a composite number?
False
Is 1556323 composite?
False
Is 94015913 prime?
True
Is 5160767 composite?
False
Is 44291201 a composite number?
False
Is 160753687 prime?
False
Is 597851 a prime number?
False
Is 185393917 prime?
True
Is 87502267 prime?
True
Is 9498787 a prime number?
False
Is 129895769 a prime number?
True
Is 30041003 a prime number?
False
Is 109225033 composite?
False
Is 6739541 a composite number?
False
Is 13173197 a composite number?
False
Is 769901 a composite number?
True
Is 2500847 a prime number?
True
Is 49301587 prime?
True
Is 16310149 composite?
False
Is 55812451 a prime number?
True
Is 284987739 prime?
False
Is 47930453 a prime number?
True
Is 8126057 a composite number?
False
Is 12811811 prime?
True
Is 43245907 composite?
False
Is 8754481 composite?
True
Is 6333277 a prime number?
True
Is 10821413 a composite number?
True
Is 130861 prime?
False
Is 1020361 composite?
False
Is 417257729 prime?
False
Is 32101063 prime?
True
Is 11478881 prime?
True
Is 15970003 a composite number?
True
Is 2182463 prime?
False
Is 8620142 prime?
False
Is 710238185 composite?
True
Is 1303189 composite?
False
Is 765067 composite?
True
Is 18675017 prime?
False
Is 3492227 prime?
False
Is 652258319 prime?
True
Is 29617829 a composite number?
False
Is 54238603 a composite number?
False
Is 244383967 a composite number?
True
Is 169709 a prime number?
True
Is 365561 a prime number?
False
Is 2681633 a prime number?
False
Is 190607 prime?
True
Is 61693169 a prime number?
True
Is 3208087 a prime number?
False
Is 26818619 prime?
True
Is 60989177 prime?
True
Is 549481 prime?
True
Is 170614393 composite?
True
Is 175594247 composite?
True
Is 140382977 prime?
False
Is 971417201 a composite number?
False
Is 101875619 prime?
True
Is 100021987 composite?
True
Is 1354737 prime?
False
Is 434199877 a composite number?
True
Is 1046557 a composite number?
False
Is 2375179 a prime number?
True
Is 5329043 composite?
False
Is 533167 prime?
True
Is 5336873 a prime number?
False
Is 20219261 a prime number?
False
Is 2490781 a prime number?
False
Is 359987 composite?
False
Is 2512283 prime?
True
Is 6841663 a prime number?
True
Is 187481419 composite?
True
Is 101244553 a composite number?
False
Is 32792905 a prime number?
False
Is 8241179 composite?
True
Is 2964613 a composite number?
True
Is 66439733 composite?
False
Is 92035897 a prime number?
True
Is 14324731 prime?
True
Is 130148939 composite?
False
Is 7273754 a prime number?
False
Is 2854069 a prime number?
False
Is 12158911 composite?
False
Is 3217831 composite?
True
Is 494287853 a composite number?
True
Is 1907119113 prime?
False
Is 7403246 prime?
False
Is 553793 prime?
False
Is 5121353 prime?
True
Is 5753578 a prime number?
False
Is 16039481 a composite number?
True
Is 8653219 prime?
True
Is 1714871 composite?
False
Is 7947791 a composite number?
True
Is 126789951 a prime number?
False
Is 14748229 composite?
False
Is 53977631 a prime number?
True
Is 1173723071 a prime number?
True
Is 9331711 composite?
False
Is 542363 a composite number?
True
Is 6204059 prime?
True
Is 67372723 a prime number?
False
Is 1129993 a composite number?
True
Is 3115727 a composite number?
False
Is 18978637 a prime number?
True
Is 169936577 prime?
True
Is 16767419 composite?
True
Is 11423413 prime?
False
Is 10547941 composite?
False
Is 3128117 prime?
False
Is 42059699 a prime number?
False
Is 1350059 composite?
False
Is 12964139 a composite number?
False
Is 15817447 a composite number?
False
Is 734417 a composite number?
True
Is 3326933 a prime number?
True
Is 1612034 a prime number?
False
Is 172493561 prime?
True
Is 1949691 prime?
False
Is 21704651 prime?
False
Is 1032909931 a composite number?
True
Is 37527073 a composite number?
True
Is 419743 composite?
False
Is 182909977 a composite number?
False
Is 52129897 composite?
False
Is 41104889 a prime number?
False
Is 148361449 composite?
False
Is 628378 a prime number?
False
Is 28067451 prime?
False
Is 1127111 a prime number?
True
Is 31047481 composite?
True
Is 1255717 prime?
False
Is 2946